{"id":279,"date":"2023-09-13T20:39:48","date_gmt":"2023-09-13T20:39:48","guid":{"rendered":"https:\/\/edicionstransiberiano.com\/?page_id=279"},"modified":"2025-02-09T23:23:58","modified_gmt":"2025-02-09T23:23:58","slug":"beliquetz-y-espurnallos-de-vida","status":"publish","type":"page","link":"https:\/\/edicionstransiberiano.com\/index.php\/inicio\/catalogo\/uellos-negros\/beliquetz-y-espurnallos-de-vida\/","title":{"rendered":"Beliquetz y espurnallos de vida"},"content":{"rendered":"\n<div class=\"wp-block-columns is-layout-flex wp-container-core-columns-is-layout-1 wp-block-columns-is-layout-flex\">\n<div class=\"wp-block-column is-layout-flow wp-block-column-is-layout-flow\">\n<p>Autor: Quino Villa Bruned<\/p>\n\n\n\n<p>ISBN: <\/p>\n\n\n\n<div class=\"wp-block-buttons is-layout-flex wp-block-buttons-is-layout-flex\">\n<div class=\"wp-block-button\"><a class=\"wp-block-button__link wp-element-button\" href=\"https:\/\/www.todostuslibros.com\/libros\/beliquetz-y-espurnallos-de-vida_978-84-129981-0-8\"><strong><mark style=\"background-color:rgba(0, 0, 0, 0)\" class=\"has-inline-color has-luminous-vivid-amber-color\">MERCAR<\/mark><\/strong><\/a><\/div>\n<\/div>\n\n\n\n<p>&#8212;&#8212;&#8212;&#8212;&#8212;&#8212;&#8212;&#8212;&#8212;&#8212;&#8212;&#8212;&#8212;&#8212;&#8212;&#8212;&#8212;&#8212;&#8212;<\/p>\n\n\n\n<div class=\"wp-block-buttons is-layout-flex wp-block-buttons-is-layout-flex\">\n<div class=\"wp-block-button\"><a class=\"wp-block-button__link wp-element-button\" href=\"https:\/\/edicionstransiberiano.com\/index.php\/inicio\/catalogo\/uellos-negros\/\">Tornar ta Uellos Negros &gt;<\/a><\/div>\n<\/div>\n\n\n\n<p><strong>Descripci\u00f3n<\/strong> <kbd>\u25bc<\/kbd><\/p>\n\n\n\n<p><strong>Pachina d\u2019eixemplo<\/strong> <kbd>\u25bc<\/kbd><\/p>\n<\/div>\n\n\n\n<div class=\"wp-block-column is-layout-flow wp-block-column-is-layout-flow\">\n<figure class=\"wp-block-image size-full is-resized\"><img loading=\"lazy\" decoding=\"async\" width=\"495\" height=\"565\" src=\"https:\/\/edicionstransiberiano.com\/wp-content\/uploads\/2023\/09\/09-Beliquetz-y-espurnallos-1.png\" alt=\"\" class=\"wp-image-280\" style=\"aspect-ratio:0.8758169934640523;width:384px;height:auto\" srcset=\"https:\/\/edicionstransiberiano.com\/wp-content\/uploads\/2023\/09\/09-Beliquetz-y-espurnallos-1.png 495w, https:\/\/edicionstransiberiano.com\/wp-content\/uploads\/2023\/09\/09-Beliquetz-y-espurnallos-1-263x300.png 263w\" sizes=\"(max-width: 495px) 100vw, 495px\" \/><\/figure>\n<\/div>\n<\/div>\n\n\n\n<p><strong>Descripci\u00f3n<\/strong> <kbd>\u25bc<\/kbd><\/p>\n\n\n\n<p>Un beliquet no te ye atra cosa que un regalo chiquet y bien paixiu; \u00bfy qu\u00e9 atra cosa ye la poes\u00eda soque <em>esclac\u00e1s de pena, ixarp\u00e1s de gozo, fus\u00e1s de deleria, mosiqueta a pirol de silencios<\/em>? \u00bfY es espurnallos? Pos no te son soque uns cachetz de cag\u00fcernos encendius que blincan, fendo serol arrienda, de las berras, asclas y toruellos endormisquiaus en el caminal, entremistanto la flamera les ye cremando el morro dende el fogaril; nian cal escarbotar-los con las estenallas, que el mesmo foc fa endemoniare es espurnallos, y quasi siempre recuten a las saltas fendo blincare purnas.&nbsp;<\/p>\n\n\n\n<p>En esta arlada de 118 poemas, en 12 capitols, se i troban achacillando una trabina de beliquetz y espurnallos, que son asperando que el lector es deshore.<\/p>\n\n\n\n<p><strong>Pachina d\u2019eixemplo<\/strong> <kbd>\u25bc<\/kbd><\/p>\n\n\n\n\n\n<div class=\"wp-block-buttons is-layout-flex wp-block-buttons-is-layout-flex\">\n<div class=\"wp-block-button\"><a class=\"wp-block-button__link wp-element-button\" href=\"https:\/\/www.todostuslibros.com\/libros\/beliquetz-y-espurnallos-de-vida_978-84-129981-0-8\"><strong><mark style=\"background-color:rgba(0, 0, 0, 0)\" class=\"has-inline-color has-luminous-vivid-amber-color\">MERCAR<\/mark><\/strong><\/a><\/div>\n\n\n\n<div class=\"wp-block-button\"><a class=\"wp-block-button__link wp-element-button\" href=\"https:\/\/edicionstransiberiano.com\/index.php\/inicio\/catalogo\/uellos-negros\/\">Tornar ta Uellos Negros &gt;<\/a><\/div>\n<\/div>\n","protected":false},"excerpt":{"rendered":"<p>Autor: Quino Villa Bruned ISBN: &#8212;&#8212;&#8212;&#8212;&#8212;&#8212;&#8212;&#8212;&#8212;&#8212;&#8212;&#8212;&#8212;&#8212;&#8212;&#8212;&#8212;&#8212;&#8212; Descripci\u00f3n \u25bc Pachina d\u2019eixemplo \u25bc Descripci\u00f3n \u25bc Un beliquet no te ye atra cosa que un regalo chiquet y bien paixiu; \u00bfy qu\u00e9 atra cosa ye la poes\u00eda soque esclac\u00e1s de pena, ixarp\u00e1s de gozo, fus\u00e1s de deleria, mosiqueta a pirol de silencios? \u00bfY es espurnallos? Pos no te [&hellip;]<\/p>\n","protected":false},"author":1,"featured_media":0,"parent":131,"menu_order":0,"comment_status":"closed","ping_status":"closed","template":"","meta":{"footnotes":""},"class_list":["post-279","page","type-page","status-publish","hentry","post"],"_links":{"self":[{"href":"https:\/\/edicionstransiberiano.com\/index.php\/wp-json\/wp\/v2\/pages\/279"}],"collection":[{"href":"https:\/\/edicionstransiberiano.com\/index.php\/wp-json\/wp\/v2\/pages"}],"about":[{"href":"https:\/\/edicionstransiberiano.com\/index.php\/wp-json\/wp\/v2\/types\/page"}],"author":[{"embeddable":true,"href":"https:\/\/edicionstransiberiano.com\/index.php\/wp-json\/wp\/v2\/users\/1"}],"replies":[{"embeddable":true,"href":"https:\/\/edicionstransiberiano.com\/index.php\/wp-json\/wp\/v2\/comments?post=279"}],"version-history":[{"count":6,"href":"https:\/\/edicionstransiberiano.com\/index.php\/wp-json\/wp\/v2\/pages\/279\/revisions"}],"predecessor-version":[{"id":682,"href":"https:\/\/edicionstransiberiano.com\/index.php\/wp-json\/wp\/v2\/pages\/279\/revisions\/682"}],"up":[{"embeddable":true,"href":"https:\/\/edicionstransiberiano.com\/index.php\/wp-json\/wp\/v2\/pages\/131"}],"wp:attachment":[{"href":"https:\/\/edicionstransiberiano.com\/index.php\/wp-json\/wp\/v2\/media?parent=279"}],"curies":[{"name":"wp","href":"https:\/\/api.w.org\/{rel}","templated":true}]}}

<div class="wp-block-columns is-layout-flex wp-container-core-columns-is-layout-1 wp-block-columns-is-layout-flex">
<div class="wp-block-column is-layout-flow wp-block-column-is-layout-flow">
<p>Autor: Quino Villa Bruned</p>



<p>ISBN: </p>



<div class="wp-block-buttons is-layout-flex wp-block-buttons-is-layout-flex">
<div class="wp-block-button"><a class="wp-block-button__link wp-element-button" href="https://www.todostuslibros.com/libros/beliquetz-y-espurnallos-de-vida_978-84-129981-0-8"><strong><mark style="background-color:rgba(0, 0, 0, 0)" class="has-inline-color has-luminous-vivid-amber-color">MERCAR</mark></strong></a></div>
</div>



<p>&#8212;&#8212;&#8212;&#8212;&#8212;&#8212;&#8212;&#8212;&#8212;&#8212;&#8212;&#8212;&#8212;&#8212;&#8212;&#8212;&#8212;&#8212;&#8212;</p>



<div class="wp-block-buttons is-layout-flex wp-block-buttons-is-layout-flex">
<div class="wp-block-button"><a class="wp-block-button__link wp-element-button" href="https://edicionstransiberiano.com/index.php/inicio/catalogo/uellos-negros/">Tornar ta Uellos Negros &gt;</a></div>
</div>



<p><strong>Descripción</strong> <kbd>▼</kbd></p>



<p><strong>Pachina d’eixemplo</strong> <kbd>▼</kbd></p>
</div>



<div class="wp-block-column is-layout-flow wp-block-column-is-layout-flow">
<figure class="wp-block-image size-full is-resized"><img loading="lazy" decoding="async" width="495" height="565" src="https://edicionstransiberiano.com/wp-content/uploads/2023/09/09-Beliquetz-y-espurnallos-1.png" alt="" class="wp-image-280" style="aspect-ratio:0.8758169934640523;width:384px;height:auto" srcset="https://edicionstransiberiano.com/wp-content/uploads/2023/09/09-Beliquetz-y-espurnallos-1.png 495w, https://edicionstransiberiano.com/wp-content/uploads/2023/09/09-Beliquetz-y-espurnallos-1-263x300.png 263w" sizes="(max-width: 495px) 100vw, 495px" /></figure>
</div>
</div>



<p><strong>Descripción</strong> <kbd>▼</kbd></p>



<p>Un beliquet no te ye atra cosa que un regalo chiquet y bien paixiu; ¿y qué atra cosa ye la poesía soque <em>esclacás de pena, ixarpás de gozo, fusás de deleria, mosiqueta a pirol de silencios</em>? ¿Y es espurnallos? Pos no te son soque uns cachetz de cagüernos encendius que blincan, fendo serol arrienda, de las berras, asclas y toruellos endormisquiaus en el caminal, entremistanto la flamera les ye cremando el morro dende el fogaril; nian cal escarbotar-los con las estenallas, que el mesmo foc fa endemoniare es espurnallos, y quasi siempre recuten a las saltas fendo blincare purnas.&nbsp;</p>



<p>En esta arlada de 118 poemas, en 12 capitols, se i troban achacillando una trabina de beliquetz y espurnallos, que son asperando que el lector es deshore.</p>



<p><strong>Pachina d’eixemplo</strong> <kbd>▼</kbd></p>





<div class="wp-block-buttons is-layout-flex wp-block-buttons-is-layout-flex">
<div class="wp-block-button"><a class="wp-block-button__link wp-element-button" href="https://www.todostuslibros.com/libros/beliquetz-y-espurnallos-de-vida_978-84-129981-0-8"><strong><mark style="background-color:rgba(0, 0, 0, 0)" class="has-inline-color has-luminous-vivid-amber-color">MERCAR</mark></strong></a></div>



<div class="wp-block-button"><a class="wp-block-button__link wp-element-button" href="https://edicionstransiberiano.com/index.php/inicio/catalogo/uellos-negros/">Tornar ta Uellos Negros &gt;</a></div>
</div>

<p>Autor: Quino Villa Bruned ISBN: &#8212;&#8212;&#8212;&#8212;&#8212;&#8212;&#8212;&#8212;&#8212;&#8212;&#8212;&#8212;&#8212;&#8212;&#8212;&#8212;&#8212;&#8212;&#8212; Descripción ▼ Pachina d’eixemplo ▼ Descripción ▼ Un beliquet no te ye atra cosa que un regalo chiquet y bien paixiu; ¿y qué atra cosa ye la poesía soque esclacás de pena, ixarpás de gozo, fusás de deleria, mosiqueta a pirol de silencios? ¿Y es espurnallos? Pos no te [&hellip;]</p>
