{"id":124,"date":"2023-09-09T19:08:54","date_gmt":"2023-09-09T19:08:54","guid":{"rendered":"https:\/\/edicionstransiberiano.com\/?page_id=124"},"modified":"2025-05-14T17:31:18","modified_gmt":"2025-05-14T17:31:18","slug":"selgua-2","status":"publish","type":"page","link":"https:\/\/edicionstransiberiano.com\/index.php\/inicio\/catalogo\/selgua-2\/","title":{"rendered":"Selgua"},"content":{"rendered":"\n<p class=\"has-text-align-center has-x-large-font-size\"><strong>Selgua<\/strong><\/p>\n\n\n\n<div class=\"wp-block-columns is-layout-flex wp-container-core-columns-is-layout-1 wp-block-columns-is-layout-flex\">\n<div class=\"wp-block-column is-layout-flow wp-block-column-is-layout-flow\"><div class=\"wp-block-image\">\n<figure class=\"aligncenter size-large is-resized\"><a href=\"https:\/\/edicionstransiberiano.com\/index.php\/inicio\/catalogo\/selgua-2\/diccionario-de-fraseolochia-basica-de-laragones\/\"><img loading=\"lazy\" decoding=\"async\" width=\"764\" height=\"1024\" src=\"https:\/\/edicionstransiberiano.com\/wp-content\/uploads\/2025\/04\/fraseolochia-764x1024.jpeg\" alt=\"\" class=\"wp-image-738\" style=\"width:158px;height:auto\" srcset=\"https:\/\/edicionstransiberiano.com\/wp-content\/uploads\/2025\/04\/fraseolochia-764x1024.jpeg 764w, https:\/\/edicionstransiberiano.com\/wp-content\/uploads\/2025\/04\/fraseolochia-224x300.jpeg 224w, https:\/\/edicionstransiberiano.com\/wp-content\/uploads\/2025\/04\/fraseolochia-768x1029.jpeg 768w, https:\/\/edicionstransiberiano.com\/wp-content\/uploads\/2025\/04\/fraseolochia.jpeg 970w\" sizes=\"(max-width: 764px) 100vw, 764px\" \/><\/a><\/figure><\/div>\n\n\n<p class=\"has-text-align-center\" style=\"font-size:18px\">9. Diccionario de Fraseoloch\u00eda basica de l&#8217;aragon\u00e9s<\/p>\n\n\n\n<p class=\"has-text-align-center\" style=\"font-size:18px\"><a href=\"https:\/\/www.todostuslibros.com\/libros\/diccionario-de-fraseologia-basica-de-l-aragones_978-84-129981-9-1\">Mercar: 28 \u20ac<\/a><\/p>\n<\/div>\n\n\n\n<div class=\"wp-block-column is-layout-flow wp-block-column-is-layout-flow\"><div class=\"wp-block-image\">\n<figure class=\"aligncenter size-full is-resized\"><a href=\"https:\/\/edicionstransiberiano.com\/index.php\/inicio\/catalogo\/selgua-2\/nuevas-voces-de-aragon\/\"><img loading=\"lazy\" decoding=\"async\" width=\"652\" height=\"904\" src=\"https:\/\/edicionstransiberiano.com\/wp-content\/uploads\/2024\/12\/NVA.jpeg\" alt=\"\" class=\"wp-image-533\" style=\"width:147px;height:auto\" srcset=\"https:\/\/edicionstransiberiano.com\/wp-content\/uploads\/2024\/12\/NVA.jpeg 652w, https:\/\/edicionstransiberiano.com\/wp-content\/uploads\/2024\/12\/NVA-216x300.jpeg 216w\" sizes=\"(max-width: 652px) 100vw, 652px\" \/><\/a><\/figure><\/div>\n\n\n<p class=\"has-text-align-center\" style=\"font-size:18px\">8. Nuevas voces de Arag\u00f3n. Segunda Edici\u00f3n<\/p>\n\n\n\n<p class=\"has-text-align-center\" style=\"font-size:18px\"><a href=\"https:\/\/www.todostuslibros.com\/libros\/nuevas-voces-de-aragon_978-84-129751-5-4\">Mercar: 25 \u20ac<\/a><\/p>\n<\/div>\n\n\n\n<div class=\"wp-block-column is-layout-flow wp-block-column-is-layout-flow\"><div class=\"wp-block-image\">\n<figure class=\"aligncenter size-full is-resized\"><a href=\"https:\/\/edicionstransiberiano.com\/index.php\/inicio\/catalogo\/selgua-2\/estercuel-palabras-con-alma\/\"><img loading=\"lazy\" decoding=\"async\" width=\"607\" height=\"862\" src=\"https:\/\/edicionstransiberiano.com\/wp-content\/uploads\/2024\/12\/ESTERCUEL.jpeg\" alt=\"\" class=\"wp-image-530\" style=\"width:153px;height:183px\" srcset=\"https:\/\/edicionstransiberiano.com\/wp-content\/uploads\/2024\/12\/ESTERCUEL.jpeg 607w, https:\/\/edicionstransiberiano.com\/wp-content\/uploads\/2024\/12\/ESTERCUEL-211x300.jpeg 211w\" sizes=\"(max-width: 607px) 100vw, 607px\" \/><\/a><\/figure><\/div>\n\n\n<p class=\"has-text-align-center\" style=\"font-size:18px\">7. Estercuel, palabras con alma<\/p>\n\n\n\n<p class=\"has-text-align-center\" style=\"font-size:18px\"><a href=\"https:\/\/www.todostuslibros.com\/libros\/estercuel-palabras-con-alma_978-84-129751-8-5\">Mercar: 18 \u20ac<\/a><\/p>\n<\/div>\n<\/div>\n\n\n\n<div class=\"wp-block-columns is-layout-flex wp-container-core-columns-is-layout-2 wp-block-columns-is-layout-flex\">\n<div class=\"wp-block-column is-layout-flow wp-block-column-is-layout-flow\"><div class=\"wp-block-image\">\n<figure class=\"aligncenter size-full is-resized\"><a href=\"https:\/\/edicionstransiberiano.com\/index.php\/inicio\/catalogo\/selgua-2\/troncedo-aragones-fovano-lexico-y-gramatica\/\"><img loading=\"lazy\" decoding=\"async\" width=\"1960\" height=\"2560\" src=\"https:\/\/edicionstransiberiano.com\/wp-content\/uploads\/2025\/04\/TRONCEDO01-scaled.jpg\" alt=\"\" class=\"wp-image-733\" style=\"width:164px;height:auto\" srcset=\"https:\/\/edicionstransiberiano.com\/wp-content\/uploads\/2025\/04\/TRONCEDO01-scaled.jpg 1960w, https:\/\/edicionstransiberiano.com\/wp-content\/uploads\/2025\/04\/TRONCEDO01-230x300.jpg 230w, https:\/\/edicionstransiberiano.com\/wp-content\/uploads\/2025\/04\/TRONCEDO01-784x1024.jpg 784w, https:\/\/edicionstransiberiano.com\/wp-content\/uploads\/2025\/04\/TRONCEDO01-768x1003.jpg 768w, https:\/\/edicionstransiberiano.com\/wp-content\/uploads\/2025\/04\/TRONCEDO01-1176x1536.jpg 1176w, https:\/\/edicionstransiberiano.com\/wp-content\/uploads\/2025\/04\/TRONCEDO01-1568x2048.jpg 1568w\" sizes=\"(max-width: 1960px) 100vw, 1960px\" \/><\/a><\/figure><\/div>\n\n\n<p>6. Troncedo: aragon\u00e9s fovano. L\u00e9xico y gram\u00e1tica.<\/p>\n\n\n\n<p class=\"has-text-align-center\"><a href=\"https:\/\/www.todostuslibros.com\/libros\/troncedo-aragones-fovano-lexico-y-gramatica_978-84-129751-9-2\">Mercar: 25 \u20ac<\/a><\/p>\n<\/div>\n\n\n\n<div class=\"wp-block-column is-layout-flow wp-block-column-is-layout-flow\"><div class=\"wp-block-image\">\n<figure class=\"aligncenter size-large is-resized\"><a href=\"https:\/\/edicionstransiberiano.com\/index.php\/inicio\/catalogo\/selgua-2\/el-habla-de-azanuy\/\"><img loading=\"lazy\" decoding=\"async\" width=\"739\" height=\"1024\" src=\"https:\/\/edicionstransiberiano.com\/wp-content\/uploads\/2024\/12\/habla-de-azanuy-739x1024.jpg\" alt=\"\" class=\"wp-image-454\" style=\"width:166px;height:auto\" srcset=\"https:\/\/edicionstransiberiano.com\/wp-content\/uploads\/2024\/12\/habla-de-azanuy-739x1024.jpg 739w, https:\/\/edicionstransiberiano.com\/wp-content\/uploads\/2024\/12\/habla-de-azanuy-217x300.jpg 217w, https:\/\/edicionstransiberiano.com\/wp-content\/uploads\/2024\/12\/habla-de-azanuy-768x1064.jpg 768w, https:\/\/edicionstransiberiano.com\/wp-content\/uploads\/2024\/12\/habla-de-azanuy.jpg 1109w\" sizes=\"(max-width: 739px) 100vw, 739px\" \/><\/a><\/figure><\/div>\n\n\n<p class=\"has-text-align-center\" style=\"font-size:18px\">5. El habla de Azanuy<\/p>\n\n\n\n<p class=\"has-text-align-center\" style=\"font-size:18px\"><a href=\"https:\/\/www.todostuslibros.com\/libros\/el-habla-de-azanuy-litera-alta_978-84-129751-7-8\">Mercar: 26 \u20ac<\/a><\/p>\n<\/div>\n\n\n\n<div class=\"wp-block-column is-layout-flow wp-block-column-is-layout-flow\"><div class=\"wp-block-image\">\n<figure class=\"aligncenter size-full is-resized\"><a href=\"https:\/\/edicionstransiberiano.com\/index.php\/inicio\/catalogo\/selgua-2\/ores\/\"><img loading=\"lazy\" decoding=\"async\" width=\"565\" height=\"799\" src=\"https:\/\/edicionstransiberiano.com\/wp-content\/uploads\/2024\/12\/ORES-3.jpeg\" alt=\"\" class=\"wp-image-528\" style=\"width:168px;height:auto\" srcset=\"https:\/\/edicionstransiberiano.com\/wp-content\/uploads\/2024\/12\/ORES-3.jpeg 565w, https:\/\/edicionstransiberiano.com\/wp-content\/uploads\/2024\/12\/ORES-3-212x300.jpeg 212w\" sizes=\"(max-width: 565px) 100vw, 565px\" \/><\/a><\/figure><\/div>\n\n\n<p class=\"has-text-align-center\" style=\"font-size:18px\">4. Or\u00e9s: palabras en la memoria <\/p>\n\n\n\n<p class=\"has-text-align-center\" style=\"font-size:18px\"><a href=\"https:\/\/www.todostuslibros.com\/libros\/ores-palabras-en-la-memoria_978-84-129751-6-1\">Mercar: 18 \u20ac<\/a><\/p>\n<\/div>\n<\/div>\n\n\n\n<div class=\"wp-block-columns is-layout-flex wp-container-core-columns-is-layout-3 wp-block-columns-is-layout-flex\">\n<div class=\"wp-block-column is-layout-flow wp-block-column-is-layout-flow\"><div class=\"wp-block-image\">\n<figure class=\"aligncenter size-full is-resized\"><img loading=\"lazy\" decoding=\"async\" width=\"1152\" height=\"1014\" src=\"https:\/\/edicionstransiberiano.com\/wp-content\/uploads\/2023\/09\/EST03-Voces-de-Aragon-Portada-1.png\" alt=\"\" class=\"wp-image-129\" style=\"width:147px;height:auto\" srcset=\"https:\/\/edicionstransiberiano.com\/wp-content\/uploads\/2023\/09\/EST03-Voces-de-Aragon-Portada-1.png 1152w, https:\/\/edicionstransiberiano.com\/wp-content\/uploads\/2023\/09\/EST03-Voces-de-Aragon-Portada-1-300x264.png 300w, https:\/\/edicionstransiberiano.com\/wp-content\/uploads\/2023\/09\/EST03-Voces-de-Aragon-Portada-1-1024x901.png 1024w, https:\/\/edicionstransiberiano.com\/wp-content\/uploads\/2023\/09\/EST03-Voces-de-Aragon-Portada-1-768x676.png 768w\" sizes=\"(max-width: 1152px) 100vw, 1152px\" \/><\/figure><\/div>\n\n\n<p class=\"has-text-align-center\" style=\"font-size:18px\">3. Nuevas voces de Arag\u00f3n<\/p>\n\n\n\n<p class=\"has-text-align-center\" style=\"font-size:18px\">Descatalogado<\/p>\n<\/div>\n\n\n\n<div class=\"wp-block-column is-layout-flow wp-block-column-is-layout-flow\">\n<figure class=\"wp-block-image size-full is-resized\"><a href=\"https:\/\/edicionstransiberiano.com\/index.php\/inicio\/catalogo\/a-fabla-de-moncayo-estudio-comparativo-con-a-lengua-aragonesa\/\"><img loading=\"lazy\" decoding=\"async\" width=\"800\" height=\"600\" src=\"https:\/\/edicionstransiberiano.com\/wp-content\/uploads\/2023\/09\/EST-A-Fabla-de-moncayo2-1.jpg\" alt=\"\" class=\"wp-image-128\" style=\"width:245px;height:184px\" srcset=\"https:\/\/edicionstransiberiano.com\/wp-content\/uploads\/2023\/09\/EST-A-Fabla-de-moncayo2-1.jpg 800w, https:\/\/edicionstransiberiano.com\/wp-content\/uploads\/2023\/09\/EST-A-Fabla-de-moncayo2-1-300x225.jpg 300w, https:\/\/edicionstransiberiano.com\/wp-content\/uploads\/2023\/09\/EST-A-Fabla-de-moncayo2-1-768x576.jpg 768w\" sizes=\"(max-width: 800px) 100vw, 800px\" \/><\/a><\/figure>\n\n\n\n<p class=\"has-text-align-center\" style=\"font-size:18px\">2. A fabla de Moncayo<\/p>\n\n\n\n<p class=\"has-text-align-center\" style=\"font-size:18px\"><a href=\"https:\/\/www.todostuslibros.com\/libros\/a-fabla-de-moncayo_978-84-129751-4-7\">Mercar: 22 \u20ac<\/a><\/p>\n<\/div>\n\n\n\n<div class=\"wp-block-column is-layout-flow wp-block-column-is-layout-flow\"><div class=\"wp-block-image\">\n<figure class=\"aligncenter size-full is-resized\"><a href=\"https:\/\/edicionstransiberiano.com\/index.php\/inicio\/catalogo\/diccionario-aragones-castellano-castellano-aragones\/\"><img loading=\"lazy\" decoding=\"async\" width=\"493\" height=\"592\" src=\"https:\/\/edicionstransiberiano.com\/wp-content\/uploads\/2023\/09\/EST01-Diccionario.jpg\" alt=\"\" class=\"wp-image-125\" style=\"width:153px;height:183px\" srcset=\"https:\/\/edicionstransiberiano.com\/wp-content\/uploads\/2023\/09\/EST01-Diccionario.jpg 493w, https:\/\/edicionstransiberiano.com\/wp-content\/uploads\/2023\/09\/EST01-Diccionario-250x300.jpg 250w\" sizes=\"(max-width: 493px) 100vw, 493px\" \/><\/a><\/figure><\/div>\n\n\n<p class=\"has-text-align-center\" style=\"font-size:18px\">1. Diccionario Aragon\u00e9s-Castellano \/ Castellano-Aragon\u00e9s <\/p>\n\n\n\n<p class=\"has-text-align-center\" style=\"font-size:18px\"><a href=\"https:\/\/www.todostuslibros.com\/libros\/diccionario-aragones-castellano-castellano-aragones_978-84-129751-3-0\">Mercar: 28 \u20ac<\/a><\/p>\n<\/div>\n<\/div>\n\n\n\n<p><\/p>\n","protected":false},"excerpt":{"rendered":"<p>Selgua 9. Diccionario de Fraseoloch\u00eda basica de l&#8217;aragon\u00e9s Mercar: 28 \u20ac 8. Nuevas voces de Arag\u00f3n. Segunda Edici\u00f3n Mercar: 25 \u20ac 7. Estercuel, palabras con alma Mercar: 18 \u20ac 6. Troncedo: aragon\u00e9s fovano. L\u00e9xico y gram\u00e1tica. Mercar: 25 \u20ac 5. El habla de Azanuy Mercar: 26 \u20ac 4. Or\u00e9s: palabras en la memoria Mercar: 18 [&hellip;]<\/p>\n","protected":false},"author":1,"featured_media":0,"parent":53,"menu_order":0,"comment_status":"closed","ping_status":"closed","template":"","meta":{"footnotes":""},"class_list":["post-124","page","type-page","status-publish","hentry","post"],"_links":{"self":[{"href":"https:\/\/edicionstransiberiano.com\/index.php\/wp-json\/wp\/v2\/pages\/124"}],"collection":[{"href":"https:\/\/edicionstransiberiano.com\/index.php\/wp-json\/wp\/v2\/pages"}],"about":[{"href":"https:\/\/edicionstransiberiano.com\/index.php\/wp-json\/wp\/v2\/types\/page"}],"author":[{"embeddable":true,"href":"https:\/\/edicionstransiberiano.com\/index.php\/wp-json\/wp\/v2\/users\/1"}],"replies":[{"embeddable":true,"href":"https:\/\/edicionstransiberiano.com\/index.php\/wp-json\/wp\/v2\/comments?post=124"}],"version-history":[{"count":24,"href":"https:\/\/edicionstransiberiano.com\/index.php\/wp-json\/wp\/v2\/pages\/124\/revisions"}],"predecessor-version":[{"id":754,"href":"https:\/\/edicionstransiberiano.com\/index.php\/wp-json\/wp\/v2\/pages\/124\/revisions\/754"}],"up":[{"embeddable":true,"href":"https:\/\/edicionstransiberiano.com\/index.php\/wp-json\/wp\/v2\/pages\/53"}],"wp:attachment":[{"href":"https:\/\/edicionstransiberiano.com\/index.php\/wp-json\/wp\/v2\/media?parent=124"}],"curies":[{"name":"wp","href":"https:\/\/api.w.org\/{rel}","templated":true}]}}